1 a prime number?
False
Is 14681 a composite number?
True
Is 30409 composite?
True
Is 24991 a composite number?
True
Is 58043 a composite number?
False
Is 168851 prime?
True
Is 46369 prime?
False
Is 337 a prime number?
True
Is 22271 composite?
False
Is 11695 composite?
True
Is 15986 a prime number?
False
Is 649999 composite?
True
Is 283687 a prime number?
True
Is 3763 prime?
False
Is 119687 composite?
False
Is 944297 a prime number?
True
Is 295219 a prime number?
True
Is 10973 composite?
False
Is 4897 composite?
True
Is 21955 composite?
True
Is 7613 prime?
False
Is 163193 composite?
False
Is 135503 prime?
False
Is 2813 composite?
True
Is 718883 a prime number?
False
Is 85331 prime?
True
Is 40343 a composite number?
False
Is 1140677 a prime number?
True
Is 77471 a prime number?
True
Is 385311 prime?
False
Is 535889 a prime number?
False
Is 2357 a prime number?
True
Is 520009 prime?
False
Is 6817 composite?
True
Is 338383 a composite number?
False
Is 3787 composite?
True
Is 30031 composite?
True
Is 10873 composite?
True
Is 163 prime?
True
Is 20161 composite?
False
Is 237571 prime?
True
Is 410383 a prime number?
True
Is 205311 prime?
False
Is 2174 prime?
False
Is 15121 a composite number?
False
Is 16581 composite?
True
Is 4967 composite?
False
Is 4163 prime?
False
Is 877601 prime?
True
Is 10321 a prime number?
True
Is 7607 a composite number?
False
Is 420149 prime?
True
Is 120709 a prime number?
True
Is 469 a prime number?
False
Is 17521 a prime number?
False
Is 5519 composite?
False
Is 229433 a prime number?
True
Is 940297 composite?
False
Is 1548517 a prime number?
True
Is 365969 a prime number?
True
Is 95903 composite?
True
Is 140099 a prime number?
False
Is 21341 composite?
False
Is 50695 a composite number?
True
Is 75959 a prime number?
False
Is 88607 composite?
False
Is 222837 a composite number?
True
Is 51179 a prime number?
False
Is 37441 prime?
True
Is 839 composite?
False
Is 4397 prime?
True
Is 6907 a prime number?
True
Is 82959 a composite number?
True
Is 20593 composite?
False
Is 43913 a composite number?
False
Is 5034607 prime?
True
Is 2174 composite?
True
Is 8353 a prime number?
True
Is 441053 composite?
False
Is 30445 composite?
True
Is 901127 prime?
False
Is 174527 composite?
False
Is 26339 prime?
True
Is 2773 prime?
False
Is 1781697 composite?
True
Is 53543 composite?
True
Is 109393 a prime number?
False
Is 32063 prime?
True
Is 355097 composite?
True
Is 7558 prime?
False
Is 91493 composite?
False
Is 3821 a prime number?
True
Is 691613 a composite number?
True
Is 1703 a composite number?
True
Is 4834 a prime number?
False
Is 226937 a composite number?
False
Is 36485 composite?
True
Is 15231 a composite number?
True
Is 77141 a composite number?
False
Is 3433 prime?
True
Is 20911 prime?
False
Is 30509 prime?
True
Is 21211 a prime number?
True
Is 100423 prime?
False
Is 160343 prime?
True
Is 2629 a composite number?
True
Is 17729 a prime number?
True
Is 1481 prime?
True
Is 3071 a prime number?
False
Is 276313 a composite number?
True
Is 3817 prime?
False
Is 3709 a prime number?
True
Is 1417523 composite?
False
Is 236569 a prime number?
False
Is 103157 composite?
True
Is 79197 composite?
True
Is 708429 composite?
True
Is 9977 composite?
True
Is 6449 composite?
False
Is 2807729 composite?
False
Is 2444467 prime?
True
Is 1257 prime?
False
Is 5971 a prime number?
False
Is 115963 a prime number?
True
Is 61291 a prime number?
True
Is 5737 a composite number?
False
Is 101323 prime?
True
Is 5305 a composite number?
True
Is 1097 a prime number?
True
Is 27173 a composite number?
True
Is 685169 a prime number?
True
Is 221843 prime?
False
Is 3589 composite?
True
Is 936337 composite?
True
Is 667393 a prime number?
False
Is 5021 composite?
False
Is 156347 prime?
True
Is 470323 a prime number?
False
Is 43943 a prime number?
True
Is 49727 prime?
True
Is 89077 prime?
False
Is 183761 prime?
True
Is 197513 composite?
True
Is 4387 prime?
False
Is 1065905 composite?
True
Is 258853 prime?
False
Is 65213 a composite number?
False
Is 164001 composite?
True
Is 199517 composite?
True
Is 647951 a prime number?
True
Is 454301 composite?
True
Is 40609 prime?
True
Is 7069 prime?
True
Is 30427 composite?
False
Is 141413 composite?
False
Is 12333 a prime number?
False
Is 150179 a composite number?
True
Is 3494885 composite?
True
Is 102761 a composite number?
False
Is 226691 composite?
False
Is 32127 a composite number?
True
Is 140969 a composite number?
True
Is 1371 composite?
True
Is 2300489 composite?
False
Is 29473 prime?
True
Is 37159 prime?
True
Is 451823 a prime number?
True
Is 6547 prime?
True
Is 21631 composite?
True
Is 3252191 composite?
False
Is 290201 composite?
False
Is 3199 a prime number?
False
Is 4474 a composite number?
True
Is 1481 a prime number?
True
Is 1179251 a composite number?
False
Is 53011 a composite number?
True
Is 13963 composite?
False
Is 145891 prime?
False
Is 16649 prime?
True
Is 11471 a composite number?
False
Is 192683 prime?
False
Is 1187 a composite number?
False
Is 6779 a composite number?
False
Is 71239 a prime number?
False
Is 708911 a composite number?
True
Is 5209 composite?
False
Is 1250771 prime?
True
Is 91367 prime?
True
Is 40871 a composite number?
True
Is 54911 a prime number?
False
Is 3433 a prime number?
True
Is 2897 a prime number?
True
Is 38901 a prime number?
False
Is 176395 composite?
True
Is 27049 composite?
True
Is 35515 a composite number?
True
Is 8101 a composite number?
False
Is 1719983 a prime number?
True
Is 715354 a composite number?
True
Is 36293 a prime number?
True
Is 21077 prime?
False
Is 295 composite?
True
Is 45377 prime?
True
Is 348181 a prime number?
True
Is 713 a composite number?
True
Is 327533 a composite number?
True
Is 316631 prime?
False
Is 69826 prime?
False
Is 218233 a prime number?
True
Is 613 composite?
False
Is 458321 a composite number?
True
Is 1466371 a composite number?
False
Is 36429 a composite number?
True
Is 678557 composite?
True
Is 110107 a prime number?
False
Is 1327 prime?
True
Is 79003 a composite number?
True
Is 125063 a composite number?
False
Is 23703 prime?
False
Is 8057 prime?
False
Is 1087 a composite number?
False
Is 95477 a composite number?
True
Is 7771 a prime number?
False
Is 57899 composite?
False
Is 5449 a composite number?
False
Is 673 a prime number?
True
Is 4049 prime?
True
Is 702605 a composite number?
True
Is 521509 a prime number?
False
Is 24329 composite?
False
Is 52651 prime?
False
Is 37117 composite?
False
Is 22915 a prime number?
False
Is 19289 prime?
True
Is 184181 prime?
True
Is 59687 a composite number?
True
Is 508663 prime?
False
Is 2972495 a composite number?
True
Is 198013 prime?
True
Is 17959 prime?
True
Is 9029 prime?
True
Is 391301 a composite number?
False
Is 25367 a composite number?
False
Is 93371 a prime number?
True
Is 361039 composite?
True
Is 63211 prime?
True
Is 420899 a prime number?
True
Is 25837 a composite number?
True
Is 515 composite?
True
Is 4391 composite?
False
Is 3985511 a composite number?
False
Is 38937 prime?
False
Is 237401 composite?
False
Is 8287 a prime number?
True
Is 1375669 prime?
True
Is 3763 a prime number?
False
Is 617203 a composite number?
True
Is 453485 prime?
False
Is 581669 composite?
True
Is 6067333 a composite number?
False
Is 53503 composite?
False
Is 393643 prime?
False
Is 7807 a composite number?
True
Is 225241 composite?
False
Is 91435 a composite number?
True
Is 121169 prime?
True
Is 382269 prime?
False
Is 223331 a prime number?
True
Is 23099 composite?
False
Is 9865 a prime number?
False
Is 351401 a prime number?
True
Is 73939 a prime number?
True
Is 53957 prime?
False
Is 7019 composite?
False
Is 35491 prime?
True
Is 4183 prime?
False
Is 1841 prime?
False
Is 2774017 a composite number?
True
Is 132785 a prime number?
False
Is 288809 prime?
False
Is 318229 a prime number?
True
Is 353069 a prime number?
True
Is 19609 a prime number?
True
Is 40253 a composite number?
False
Is 31969 a composite number?
True
Is 304187 composite?
True
Is 343373 composite?
False
Is 1065937 a prime number?
True
Is 922109 composite?
True
Is 17321 a prime number?
True
Is 16045 composite?
True
Is 5953 a prime number?
True
Is 180449 composite?
True
Is 874847 composite?
False
Is 357079 composite?
False
Is 13313 composite?
False
